- 3).
12
What is (132 - 102) + 3 - 142?
-109
What is the value of (65 - 13) + -67 - -38?
23
11 - (-12 + -13 + 6 + (-30 - -10))
50
What is the value of 6 - -14 - (47 - (114 + -58))?
29
Evaluate 70 - (72 + -32 - 12).
42
Evaluate -37 + (30 - 61) + 93.
25
(1 - (-23 - -16)) + -18 - 43
-53
Evaluate 42 + (-10 + 2 - (-34 - -23)).
45
Evaluate -24 - (12 + 17 + (23 - 28)).
-48
Evaluate (-4 - -14) + 0 + -3 + -45 + 49.
11
What is (19 - (21 + (20 - (6 + 79)))) + 5?
68
What is the value of (115 - 2) + -1 - (-57 + -74 + 133)?
110
What is the value of (-65 - 51 - -213) + -127?
-30
Calculate -57 + (43 - (-5 - (-4 - 22))).
-35
12 + (2 - 69 - (-25 - -15)) - 13
-58
What is the value of 59 - (-10 + (-8 - -15 - 1 - -6) + 1)?
56
Evaluate 32 - 71 - -35 - (-57 + 0).
53
Calculate (50 - (-11 + 65)) + (2 - -35).
33
14 - (10 + 4 + -3 + -8 - -7)
4
What is the value of (-5 - ((-3 - -12) + (-12 - 2))) + 2 + -1?
1
What is 0 + -1 + -3 - (392 + -163 - 183)?
-50
Evaluate -105 + (-10 + (-24 - -29) - (-9 - -4)) + 16.
-89
Evaluate 126 - ((83 - -39) + -78).
82
What is the value of 72 + -86 + -84 - -76?
-22
-531 + 482 - (-186 + 12 - 9)
134
What is -13 + (2 - -121) + (2 + (-23 - -10) - 2)?
97
Calculate -100 - (-5 - 116) - (100 + -7 + 5).
-77
7 - ((-49 - -57) + -21 - 94)
114
Evaluate (-7 - (-13 + -1)) + (-30 + 68 - 75).
-30
What is 19 - (11 + 15 + 16) - -27?
4
What is the value of 39 + 28 + (-11 - 44) + -6 + 84?
90
What is the value of -7 + 7 - (-37 - (-19 - 14))?
4
What is -28 + 9 - (-45 + 28 + -45)?
43
Calculate 32 + -17 + -5 + (-9 - -5) + 33.
39
Evaluate (-19 - (-2 + 2)) + (-1037 - -1051).
-5
What is -40 + (-13 - -80 - 52)?
-25
Calculate 35 + 1 + (-5088 - -5118).
66
What is -24 - ((3 - -18) + 0 + -10)?
-35
What is the value of 0 - -4 - (12 - (21 + -39))?
-26
Calculate (25 - -2) + -6 + -196 + 130.
-45
(-23 - (145 + (-34 - 0))) + -12
-146
What is the value of 77 + -22 + -20 - 24 - (51 + 1)?
-41
(4 - -86) + -3055 + 2915
-50
Evaluate 11 - ((4 - 2) + 25 + -20 + -1) - 30.
-25
What is -38 - (8 - 43) - -74?
71
What is 18 + (256 + -277 - (-13 - -2)) + 121?
129
6 + (-11 - ((-4 + 8 - 18) + 10))
-1
What is 48 + (1 - -14) + (-66 - 27 - -100)?
70
-2 + 20 - (100 - 12 - 72)
2
What is 25 + 32 + 24 + -117?
-36
Calculate -1 - -22 - (-190 + (284 - 102)).
29
Evaluate 32 - (-48 + 74) - ((-5 + 2 - -34) + 1).
-26
Evaluate (-3 - 3) + (52 - (20 - (-23 - -25))).
28
3 + 2 - (-11 + 28 - 9) - -38
35
Evaluate -26 + -110 - (35 - 65) - 3.
-109
-112 + 41 + 94 + -30
-7
What is -7 - (21 + (-1 - -5) - (-18 - -16) - 7)?
-27
Calculate 27 - -18 - 8 - 4 - (-13 + 3).
43
What is the value of (5 - 3) + -4 - (-119 - (-85 - 14))?
18
Evaluate 5 + -29 + 60 + -38 + 46.
44
Calculate (-86 - -39 - -39 - 29) + -18.
-55
What is the value of -31 + (29 - -2 - 7) + 104?
97
What is 28 + 13 + -107 + 6 + 20?
-40
What is the value of -17 + 51 + 12 + (12 - (4 - 4))?
58
What is 22 + (-1 - 39) - 14?
-32
Evaluate 1 + 6 + -25 + (-7 + -42 - -5).
-62
Evaluate 98 + -192 + 86 + -57.
-65
What is 2 - 103 - (24 + -41 - 1) - 3?
-86
What is (-85 - -1) + 14 + (-2 - -4) + (-243 - -223)?
-88
Evaluate (253 + -370 - -124) + (1 - (2 + 130)).
-124
Evaluate -14 + 1 + 2 - (11 - 65 - -65).
-22
Evaluate 4 + 110 + 47 + -70 + -3.
88
Evaluate (-85 - ((-5 - -13) + 3 + -21)) + (-1 - -12).
-64
Calculate (-15 + 13 - 23 - -21) + 3 + -3 + 38.
34
What is the value of -15 - (-106 - (-158 - 1))?
-68
Evaluate -9 - (45 - 41 - ((5 - 1) + 14)).
5
What is (-12 - (-75 - -6)) + (-3 + 0 - 1)?
53
Calculate 53 + 0 + 1 - (-160 + (185 - 11)).
40
(140 - 1) + (-78 + 45 - -9) + 16 + -2
129
What is the value of -54 - -29 - 8 - -54?
21
What is the value of -237 + 251 + (-4 - -2) + -22 + (0 - 25)?
-35
What is (42 - (19 - 22)) + 1 + -1 + 1 + 4?
50
Evaluate (-144 - -131) + (7 - 5) + 1.
-10
Calculate (-8 - -4) + -15 + 103 + 1 - -8.
93
(-11 - -13) + 13 + 37
52
Evaluate -53 + -8 - (-32 - (-13 - 8)).
-50
What is the value of 21 + -25 + 1 + 9 + (28 - (-27 - -41))?
20
What is the value of 8 + (11 - (7 + (88 - 3)) - 10)?
-83
What is the value of 6 - (11 + 0 + -2 + 57 + 22 + -23)?
-59
What is -3 + (0 - -24) - (19 + -19)?
21
Evaluate -70 + 75 + -8 + (4 - 9 - -68) + 9.
69
What is 1 + 7 - ((37 - -8) + 5 + -22)?
-20
What is -68 - (-1 - 3) - (0 + 23 - (-277 - -299))?
-65
Calculate 33 - ((73 - 47) + 64).
-57
What is -29 + -15 - 14 - -36?
-22
What is the value of -21 - (-141 - -134 - (-2 + 15))?
-1
Calculate -108 + (63 - -59) + 0 + -28.
-14
Evaluate 11 + -15 + 27 + 4.
27
Calculate -27 + (1 - (8 + -7 + 0 + -7)).
-20
Evaluate 191 + -190 + (-4 - 0 - -3) - 50.
-50
Calculate -1 - (-38 - (21 - 65)).
-7
Evaluate 5 - (-12 + (14 - 2) - (-13 + 9)).
1
What is ((18 - 38) + 82 - 11) + -17?
34
What is -7 - -2 - ((14 + 8 - 26) + -121)?
120
(-57 - -23) + 40 + -10
-4
What is the value of 0 - -80 - 84 - (88 - (2 + -2))?
-92
(17 - -1) + 121 + -144
-5
(-1 - -23) + (-21 - -17) - (68 - 57)
7
37 + (-129 - -51 - -29)
-12
Evaluate (-60 - (-15 - 17) - 21) + (0 - 1 - -7).
-43
What is the value of (39 + -17 - 8 - 1) + -1 + 106?
118
-100 - -4 - (-10 - ((-8 - -17) + -29))
-106
Calculate 24 + (-22 - -26 - -8) + -6.
30
What is the value of 30 - 0 - (19 - ((13 - 4) + 7))?
27
Evaluate (58 - 76 - 74) + 0 + 26.
-66
Calculate -21 + -14 + -12 + 4 + (-76 - -112).
-7
What is the value of 15 - (19 - 7 - -15)?
-12
107 + -119 + (0 - -6) + 2 + 0 + -66
-70
Evaluate -16 + 13 + -4 - (39 + -5).
-41
16 + 20 + -21 + 24 + 15
54
-15 + (-9 - 28) - -108
56
Calculate -10845 - -10921 - (-1 + 40).
37
What is -12 + (-7 - -8) + (1 - -1) + (-848 - -778)?
-79
What is the value of -2 + -12 + (-6 - -19 - -1 - (-585 - -523))?
62
What is the value of 7 + -5 + 4 - (1 + (-4 - (44 - 3)))?
50
Calculate (22 - (-11 - -33)) + 54 + 23.
77
Calculate 60 + (30 - 116) - -111.
85
Calculate -10 + (-10 - -1) + (8 + -7 - 2).
-20
Evaluate -1246 - -1213 - (-3 + 25 + 2).
-57
Calculate (0 + -1 - -10) + (40 + -33 - 26) + 32.
22
What is the value of 7 + (-28 - (16 + -7))?
-30
0 + 62 - (-2755 - -2861)
-44
What is 67 - -3 - (102 + 4)?
-36
Evaluate 29 - (-9 + 22 + 15).
1
What is the value of -12 + 39 + 1 + (37 + -31 - (2 + 1))?
31
What is the value of -1 - (5 - 0 - 6) - (5 - 2) - -9?
6
Calculate (36 - 118) + 0 + 20 + -4 + -2.
-68
74 - 67 - (-34 - 1)
42
4 - (3 - (0 - -77)) - (-51 + 102 - 40)
67
24 + -10 + (-50 - -54 - (2 - (-3 - 7)))
6
What is the value of -20 + (1 - -10) + (-42 - (-2 + -37)) - -11?
-1
What is the value of -37 + 59 + (30 - 29)?
23
-23 - -9 - (31 + 0 + 3 + 4)
-52
What is the value of 35 - 29 - (7 + -15 + -11 + 5)?
20
Evaluate -18 - 3 - (6 - 24) - (0 - -43).
-46
Calculate 80 + (-61 - (-68 - -72)).
15
(316 - (16 - -45)) + -119
136
Evaluate (-6 - -11 - -68) + (43 - 43) + -6.
67
Calculate (1750 - 1746) + (-25 - 27) + 3 + -1.
-46
Evaluate (-1 - -48) + (-44 - (-30 + -26)).
59
What is -9 - (3 + -1 + -1) - (5 - 19)?
4
Evaluate (-1 - 17) + -49 + (-23 - -99).
9
What is the value of -6442 + 6338 - (-2 - -6 - -20)?
-128
What is the value of -41 + (5 + 0 + -5 - -4) + -66 + 64?
-39
What is (0 - (-8 - -5)) + (4 - 36) + -117 + 114?
-32
What is 10 + 35 + 3 + (10 - 11) + (-1 - 8)?
38
-82 + (21 + -30 - -4) - -24
-63
What is 11 + (20 + 2 + -14 - 40) + 13?
-8
What is the value of (-33 - -182) + -34 - (-52 - -75)?
92
Calculate (61 - (-29 - (10 - 73))) + 0 + -6.
21
What is the value of -71 + 20 + 31 - 29?
-49
What is 16 - 0 - (-24 - (-102 + 96))?
34
What is (-10 - (2 + 1)) + (11 - 32)?
-34
Calculate -70 + 42 + 16 + (1 - -15).
4
-72 - ((-46 - 90) + 0)
64
What is the value of -56 + (-58 + 59 - -9)?
-46
-50 - (-108 + 46) - (-1 - -65) - -16
-36
Calculate 9439 + -9360 - (46 + 0).
33
What is the value of 2 + ((-3 - 2) + 3 + (-10 - -20) - 10)?
0
What is 5 - ((4 - 0) + -3) - (-147 - -121)?
30
What is -39 - 2 - (-2 - (-6 - (-3 + -7 + -3)))?
-32
Calculate -106 + 43 + (104 - 78).
-37
Calculate -39 - ((-13 - 1) + 189 + -171).
-43
Calculate 21 + -4 + (50 - 101).
-34
Evaluate 42 - (342 + -83 - 144).
-73
What is -13 - -25 - (-12 + -6 + 111)?
-81
What is 0 + -107 - (-1 - -3) - (-8 - 13 - -26)?
-114
Calculate (10 - 2 - (32 + -26)) + (1 - (-62 - 12)).
77
(-50 - -50) + 4 + (2 + -1 - 1) + -10
-6
Evaluate 25 + (20 - (-30 + 81)) + 88.
82
What is the value of 7 - (-49 + 43 + -9)?
22
What is the value of (11 - 2) + -39 - -16 - -50?
36
Calculate -18 - (16 - (81 - (-12 - -33))).
26
Calculate -11 + 12 + -11 - -5 - -9 - (-2 + -76).
